p(a) = -a**3 - 10*a**2 + 11*a + 14. Give p(-11).
14
Let t(u) = -u**3 - 9*u**2 + 26*u + 42. Give t(-11).
-2
Let s(c) = c - 72. Give s(35).
-37
Let c(o) = 19*o**2 + 36*o - 8. What is c(-2)?
-4
Let p(x) = -x - 17. Determine p(7).
-24
Let k(r) = 6*r**2 + 9*r + 3. Calculate k(-2).
9
Let d(i) = 6*i**2 - i - 6. Give d(0).
-6
Let a(m) = -m**2 + 4*m - 2. Calculate a(4).
-2
Let p(c) = -3*c**2 + 3*c + 1. Give p(-2).
-17
Let k(w) = 9*w**3 - w. Determine k(1).
8
Let t(g) = -7*g - 15. What is t(7)?
-64
Let o(z) = -16*z + 7. What is o(2)?
-25
Let x(i) = -i**3 + 4*i**2 - 15*i + 55. What is x(4)?
-5
Let s(h) = -17*h**2 - 271*h + 9. Give s(-16).
-7
Let g(p) = p**2 - 2*p + 2. What is g(0)?
2
Let u(y) = y**3 + y**2 + 2. Give u(0).
2
Let l(c) = -c**3 + 17*c**2 - 4*c + 22. Calculate l(17).
-46
Let u(g) = -3*g**2 - 15. Calculate u(4).
-63
Let k(w) = -w**2 + 10*w - 4. Determine k(8).
12
Let b(q) = -q**3 - 5*q**2 + 4*q - 14. Calculate b(-6).
-2
Let f(u) = 5*u**2 + u + 2. Determine f(-1).
6
Let t(q) = q**3 - 2*q + 1. What is t(4)?
57
Let y(k) = k**3 - k**2 - 7*k - 1. Calculate y(3).
-4
Let x(c) = -c**3 + 16*c**2 + 18*c - 17. Calculate x(17).
0
Let k(j) = j**3 + 11*j**2 + 17*j - 8. Give k(-9).
1
Let g(f) = f - 7. Give g(5).
-2
Let m(y) = -y**2 - 2*y - 5. Give m(-9).
-68
Let n(r) = -6*r**3 + r**2 + r + 1. Calculate n(-1).
7
Let b(g) = g**3 + 15*g**2 - 17*g - 13. What is b(-16)?
3
Let q(v) = -3*v + 66. Give q(23).
-3
Let g(s) = -s**3 - 4*s**2 - 2*s - 4. Give g(-4).
4
Let a(x) = x + 20. Give a(-8).
12
Let d(o) = -6*o - 12. What is d(-3)?
6
Let p(q) = -q**2 + 10*q - 7. What is p(10)?
-7
Let s(m) = m**3 - m**2 + m - 2. What is s(0)?
-2
Let i(n) = n**3 + 8*n**2 - 5*n + 2. Determine i(-9).
-34
Let n(q) = -4*q**2 - 9*q + 22. Give n(2).
-12
Let k(g) = g**2 - 5*g - 9. What is k(7)?
5
Let r(q) = q**2 + 6*q + 6. Determine r(-6).
6
Let d(l) = -l**2 + 73*l + 74. What is d(74)?
0
Let q(u) = u**2 - 9*u. Calculate q(7).
-14
Let j(o) = -25*o + 63. What is j(5)?
-62
Let x(w) = 5*w**3 + 3*w**2 + 4*w + 3. Determine x(-2).
-33
Let f(m) = m**2 - m - 47. Give f(0).
-47
Let x(r) = -r**2 + 29*r - 36. Calculate x(28).
-8
Let d(j) = -j**2 + 38*j + 74. Give d(40).
-6
Let w(k) = k**2 - 6*k. Determine w(7).
7
Let h(z) = -4*z - 96. Give h(-26).
8
Let s(f) = -14*f - 51. What is s(-4)?
5
Let p(j) = -2*j**2 + 6*j + 12. What is p(6)?
-24
Let n(l) = l**2 - 1. Calculate n(-1).
0
Let i(v) = -18*v + 3. Determine i(1).
-15
Let i(f) = f**2 + 13*f - 17. Determine i(-14).
-3
Let o(h) = -h**2 - 8*h + 4. Give o(-9).
-5
Let w(o) = o - 7. What is w(6)?
-1
Let n(p) = p**3 + 9*p**2 + 10*p + 10. Determine n(-8).
-6
Let z(t) = t**3 + 7*t**2 + 10*t + 17. Give z(-6).
-7
Let l(c) = -c**2 - 19. Calculate l(0).
-19
Let o(t) = -t**3 - 11*t**2 + 14*t + 16. What is o(-12)?
-8
Let z(l) = 2*l**2 + 7*l + 12. Calculate z(-6).
42
Let w(t) = t**3 + 5*t**2 + 30*t + 130. Calculate w(-5).
-20
Let k(r) = -r**2 + 19*r - 20. Calculate k(17).
14
Let y(l) = l**3 - 2*l**2 - l - 2. Determine y(3).
4
Let g(f) = 2*f**2 - 6*f - 8. Calculate g(6).
28
Let v(m) = m**3 + 6*m**2 + 4*m + 1. Calculate v(-5).
6
Let z(i) = -i**2 + 10. What is z(4)?
-6
Let a(v) = -v**2 + 8*v + 4. Give a(8).
4
Let o(r) = -r**3 + 4*r - 14. Calculate o(0).
-14
Let c(p) = -7*p**2 - 1. Give c(1).
-8
Let h(v) = 2*v + 2. Give h(-4).
-6
Let g(u) = 2*u**2 - 18*u + 17. What is g(7)?
-11
Let x(u) = u**3 - 36*u**2 - 111*u - 227. Give x(39).
7
Let q(j) = 7*j + 2. Give q(1).
9
Let b(a) = -52*a**3 - a**2 + 1. Calculate b(-1).
52
Let v(q) = -q**2 + 33*q - 30. Give v(26).
152
Let d(o) = o**2 + 11*o - 3. What is d(-12)?
9
Let f(w) = w**3 + 5*w**2 + 6*w - 4. Give f(-3).
-4
Let t(f) = 9*f - 141. What is t(20)?
39
Let c(o) = -o**3 + o - 15. Determine c(0).
-15
Let k(f) = f**3 - 19*f**2 + 33*f + 27. Give k(17).
10
Let o(g) = g**3 + 5*g**2 + 14*g + 132. Determine o(-6).
12
Let f(g) = 12*g + 47. Determine f(-4).
-1
Let j(r) = 14*r**2 - r - 2. Determine j(-1).
13
Let c(n) = -2*n + 17. Give c(7).
3
Let i(t) = 8*t**2 - t + 3. What is i(2)?
33
Let k(s) = s**3 + 2*s**2 - 3*s - 2. Give k(-3).
-2
Let o(p) = 23*p**3 + 2*p**2 + p. Give o(-1).
-22
Let q(u) = -11*u**2 - 16*u - 4. What is q(-1)?
1
Let u(w) = -2*w**3 + 9*w**2 - 8*w + 10. Determine u(4).
-6
Let c(b) = 7*b - 5. What is c(-1)?
-12
Let t(r) = -r**3 + 17*r**2 - 53*r + 13. Give t(13).
0
Let c(i) = -i**2 - 8*i - 9. Determine c(-6).
3
Let y(z) = -35*z - 3. Give y(1).
-38
Let s(y) = 2*y - 1. Calculate s(-7).
-15
Let o(h) = 5*h - 3. Determine o(6).
27
Let k(s) = -s**3 + 8*s**2 + 5*s - 9. Determine k(9).
-45
Let u(h) = h**2 - 14*h - 2. Give u(14).
-2
Let c(a) = a**3 - 2*a**2 - 3*a + 3. What is c(4)?
23
Let x(d) = -d + 7. Give x(4).
3
Let g(o) = o**3 - 8*o**2 - 12*o. Give g(9).
-27
Let y(b) = -7*b - 3. Give y(-2).
11
Let i(n) = -19*n - 31. Determine i(-2).
7
Let o(x) = x**2 + 13*x - 43. Determine o(-16).
5
Let s(z) = -10*z - 170. Determine s(-18).
10
Let u(s) = s**2 - 9*s - 2. What is u(10)?
8
Let l(h) = h**2 - 13*h - 47. Give l(16).
1
Let j(v) = -v**3 + 3*v**2 + 5*v + 5. Give j(-2).
15
Let t(a) = 4*a**2 + 117*a + 38. What is t(-29)?
9
Let a(o) = o**3 + 8*o**2 - 3*o + 1. Give a(-6).
91
Let f(m) = -3*m**2 - 35*m - 59. What is f(-10)?
-9
Let c(b) = -3*b - 90. Calculate c(-21).
-27
Let h(t) = 2*t**2 - 4*t - 9. Determine h(-1).
-3
Let k(g) = g**2 - 20*g + 94. Determine k(12).
-2
Let f(d) = -21*d + 1. Determine f(1).
-20
Let f(i) = 5*i**2 + 49*i + 5. Determine f(-10).
15
Let r(p) = -3*p**2 - 2*p - 9. Determine r(4).
-65
Let s(r) = 74*r**3 + 4*r - 3. Determine s(1).
75
Let o(z) = -z**3 - 2*z**2 + z + 1. What is o(-2)?
-1
Let w(k) = k**2 + 16*k + 12. Calculate w(-10).
-48
Let d(i) = -i**2 - i + 3. Calculate d(5).
-27
Let s(d) = 8*d - 28. What is s(4)?
4
Let h(c) = c**3 + 4*c**2 - c - 3. What is h(-4)?
1
Let c(d) = d**3 + 39*d**2 - 2*d - 70. What is c(-39)?
8
Let g(u) = -u**3 - 11*u**2 + 2*u + 13. What is g(-11)?
-9
Let o(d) = -2*d + 23. What is o(11)?
1
Let i(g) = 2*g**2 - 2*g - 1. Give i(3).
11
Let m(g) = 5*g + 40. What is m(-8)?
0
Let a(c) = -31*c + 342. Give a(11).
1
Let y(b) = -b**3 + 13*b**2 - b + 1. Give y(13).
-12
Let y(c) = -c**3 - 8*c**2 + 8*c - 15. Give y(-9).
-6
Let s(a) = a**2 + 11*a + 17. Calculate s(-7).
-11
Let n(m) = -m**2 - 8*m - 22. Give n(-7).
-15
Let u(z) = 16*z. Calculate u(1).
16
Let u(o) = 34*o**2 + o - 1. Calculate u(1).
34
Let v(j) = 5*j + 14. Determine v(6).
44
Let k(n) = -7*n - 151. Give k(-22).
3
Let b(p) = -p**3 + 16*p**2 + 17*p + 25. Give b(17).
25
Let u(c) = -7*c**3 - 2*c - 2. What is u(-1)?
7
Let p(y) = -2*y**3 + 25*y**2 + 16*y - 36. Determine p(13).
3
Let l(z) = -z + 3. What is l(3)?
0
Let d(r) = r**2 + 4*r + 1. Give d(-5).
6
Let g(s) = -s**3 + 5*s**2 - 2*s + 17. What is g(5)?
7
Let b(i) = -2*i**2 - 36*i + 1. Calculate b(-18).
1
Let v(l) = l**3 + 14*l**2 - l - 10. Determine v(-14).
4
Let z(k) = -k**3 - 6*k**2 - 2*k + 8. Determine z(-5).
-7
Let x(z) = z**2 + 7*z + 3. Calculate x(-7).
3
Let d(r) = -r + 1. What is d(8)?
-7
Let g(v) = 3*v - 106. Determine g(33).
-7
Let x(j) = 3*j**2 - 40*j + 27. Calculate x(13).
14
Let s(f) = -8*f**3 - 7*f + 7. What is s(2)?
-71
Let m(f) = -f - 25. What is m(-19)?
-6
Let j(p) = 3*p - 85. Calculate j(28).
-1
Let j(v) = 45*v + 273. Determine j(-6).
3
Let r(c) = -c**3 - 12*c**2 - 12*c - 10. Determine r(-11).
1
Let n(v) = -5*v - 18. Determine n(-16).
62
Let x(t) = 136*t - 1075. Give x(8).
13
Let u(k) = 2*k**2 + 6*k + 16. Give u(-2).
12
Let c(a) = a**3 - 8*a**2 - 8*a - 13. What is c(9)?
-4
Let n(c) = c**3 - 12*c**2 + 11*c. What is n(11)?
0
Let y(l) = -7*l - 12. Give y(5).
-47
Let i(v) = -v**2 + 11*v - 6. Give i(13).
-32
Let i(q) = -q**2 - 9*q + 17. Determine i(-11).
-5
Let d(x) = 4*x - 67. What is d(21)?
17
Let p(x) = 13*x**3 + 4*x**2 - 5*x - 8. Calculate p(-1).
-12
Let i(w) = w**3 + 9*w**2 - 7*w + 38. What is i(-10)?
8
Let j(s) = s**2 - s - 2. Determine j(9).
70
Let j(s) = 2*s**2 + 3*s - 2. Determine j(-2).
0
Let j(b) = b**3 + 15*b**2 + 2*b - 7. Calculate j(-15).
-37
Let a(h) = -h**3 + h - 15. Calculate a(0).
-15
Let c(x) = -40*x + 1. What is c(1)?
-39
Let v(n) = -n**3 - 4*n**2 - 4*n - 4. Give v(-3).
-1
Let k(u) = 2*u**2 + 56*u + 3. Give k(-28).
3
Let k(u) = 14*u - 18. Determine k(-1).
-32
Let m(w) = w**3 + 10*w**2 - 10*w + 6. Give m(-11).
-5
Let b(m) = 18*m**3 - m**2. Calculate b(-1).
-19
Let y(m) 